t of m?
1
What is the hundreds digit of (-40)/(5 - 9) + 2795?
8
Let k be (13 + -14)/((-1)/(-60)). Let c = 53 - k. What is the hundreds digit of c?
1
Let h = 302 + 19. What is the hundreds digit of h?
3
Let c(d) = d**3 + 19*d**2 - 24*d - 10. Suppose 3*k - 55 = 3*s + 11, -4*s - 3*k = 74. What is the tens digit of c(s)?
7
Suppose 0 = m + 5*u + 188, -8*m + 3*m - u = 916. Let p = 93 + m. Let i = p + 160. What is the units digit of i?
0
Let c be 6/(-8) - 120/(-32). Suppose 2*s - 4*q - 6 = -64, -c*q = s + 44. Let u = 3 - s. What is the units digit of u?
8
Let y be (6/21*65)/(1/7). What is the units digit of (y/(-35) + 4)*217?
2
Suppose 0*m = 5*m - 5*f - 40, -2*f - 28 = -5*m. Suppose -55 - 17 = -m*o. What is the tens digit of (-190)/(-6) - (-6)/o?
3
Let c(q) = -4*q**3 - q. Let m be c(-1). Suppose 0 = -3*g - 2*b + 36, 7 = 4*g + b - 36. Suppose -m*n = -g*n + 70. What is the units digit of n?
4
Let j be (-3)/(-9)*543 - (-2)/(-2). Suppose 0 = 3*r - 2*r + 3*p - 195, 0 = -r + 2*p + j. What is the units digit of r?
6
Suppose 0 = 5*k - 3*k - 4. Let o(v) = v**2 - 1. Let l be o(-2). Suppose 2*t - l*f - 14 = 0, t - k*f - 36 = -3*t. What is the units digit of t?
0
Suppose v - 5 = -0*v. Let b = v + 21. What is the tens digit of b?
2
Let i(w) = 5*w + 334. What is the units digit of i(-10)?
4
Let p = 20 + -8. Suppose 0 = -4*s + s + p. Suppose s*a = -101 + 261. What is the tens digit of a?
4
Suppose -141 = 4*b - 7*b. Suppose -b = -a - 9. Let l = a - 12. What is the units digit of l?
6
Let d = -7 + -19. Let c = 109 - d. What is the hundreds digit of c?
1
Let c(n) = 5*n**3 + 4*n**2 - n - 2. Let a = -20 + 23. What is the hundreds digit of c(a)?
1
Suppose 0 = 3*g - 3*a - 501, 155 = 2*g + 5*a - 172. What is the tens digit of g?
6
Let m be (0 - (-212)/10)/((-6)/(-15)). Let s = 78 - m. What is the tens digit of s?
2
Let d(l) = 5*l**2 + 32*l + 166. What is the tens digit of d(-22)?
8
Let p(t) = 112*t**2 - 3*t - 7. What is the units digit of p(3)?
2
Let y(m) = m**2 + m + 105. Let h be y(0). Suppose 2*o + 5*d + h = 3*o, -4*o = -5*d - 360. Let i = o + -61. What is the units digit of i?
4
Let z(d) = -3*d**3 + d**2 + 28*d + 1. What is the hundreds digit of z(-6)?
5
Let b = 3 - 9. Let p be (2/(-2))/2*b. What is the units digit of 32/(-2 + p) + 2?
4
Let m = 453 - 158. What is the units digit of m?
5
Let r(b) = -b**2 - 14*b - 7. Let f be 3*(3 - (5 - 4)). Let l = f - 17. What is the tens digit of r(l)?
2
Let m be (0 - 15/(-20))*4. Suppose 0 = -m*q + 3 - 12. What is the units digit of 95/15 + (-2)/q?
7
Suppose m - 1 + 5 = 4*b, 26 = 4*m + 5*b. Suppose -540 = -4*q + m*s, q + 4*s - 122 + 2 = 0. What is the hundreds digit of q?
1
Let i = 72 + -10. Let x = i - 22. What is the tens digit of x?
4
Let h = -149 - -184. Suppose -h*s + 232 = -31*s. What is the tens digit of s?
5
Let f(g) = 8*g + 4. Let u(a) = -17*a - 7. Let p(o) = -7*f(o) - 3*u(o). Let m = -13 - -8. What is the tens digit of p(m)?
1
What is the tens digit of 16692/39 - (3 - 3)?
2
Let d = -3 - -9. Let t = d - 4. Suppose v = t*j - 0*j - 16, 4*v = -2*j + 16. What is the units digit of j?
8
Let i = 1171 + -801. Suppose -d + 5*a + 222 = 2*d, 0 = 5*d - 3*a - i. What is the units digit of d?
4
Suppose 0 = -2*g + c + 220, -2*g - c + 160 = -60. Let q(m) = m**3 + 5*m**2 + 3*m - 3. Let u be q(-3). What is the tens digit of u/18 - g/(-3)?
3
Suppose -37 = 2*r + 2*v - 3243, 3*v + 1587 = r. What is the units digit of r?
9
Let a = 792 + 422. What is the tens digit of a?
1
What is the units digit of (-136)/20*730/(-4)?
1
Suppose 2*w = 6*w + 3*f - 52, 0 = 4*w + f - 44. Suppose w*t = -201 + 761. What is the tens digit of t?
5
Suppose 0 = -q + 2*m - 3, m = q + 4*q - 21. Suppose 11 = -4*z + 3*n, 4*z = n + 4*n - q. What is the tens digit of 67/3 - z/(-15)?
2
Let f(i) = -2*i**2 + 29*i - 14. Let l be f(14). What is the tens digit of (l - (-5)/15)/(1/222)?
7
Suppose -466 = -0*r - 2*r. What is the hundreds digit of r?
2
Let v = -17 - -65. Suppose a = 6 + v. What is the tens digit of a?
5
Let x = 1 + 0. Let s(m) be the first derivative of 2*m**2 + m + 1. What is the units digit of s(x)?
5
Let w be 1735/7 - 5/(-35). Let r be 8/(-12) + w/(-6). What is the tens digit of -3 + (1 - (r + 0))?
4
Suppose 3*g + 906 = 3*z, -3*g + 5*g = -4*z + 1184. Suppose 6*q - 56 - z = 0. What is the units digit of q?
9
Let i(f) = -10*f - 20. Let d = 35 + -41. What is the tens digit of i(d)?
4
Suppose -w = 3*v + 213, -143 = -0*v + 2*v + w. Suppose 3*t = i + 320, 3*i = 2 - 8. Let o = t + v. What is the tens digit of o?
3
Let c = -1058 + 2571. What is the tens digit of c?
1
Suppose 5*d + 2*p + 49 = 0, d + 3*d = 4*p - 28. Let n = 29 + d. Suppose n = 4*c - 2*l, -l = -4*c - 3*l + 12. What is the units digit of c?
4
Let k = 21 + 3587. What is the thousands digit of k?
3
Suppose 7*x = -196 - 105. Let w = -31 - x. What is the units digit of -1*10*w/(-24)?
5
Suppose -8 = g - 3*y - y, 0 = -5*y + 15. Suppose -5*u - 3*d + 59 = -g*d, 3*d + 67 = 5*u. Let o = u + -8. What is the units digit of o?
3
Suppose 5*m - 226 = 3*p, 6*p - 3*p = 2*m - 94. What is the units digit of m?
4
Let p(b) = 3*b + 9. Let l be p(9). Suppose 0*q = -5*v - q - 39, -3*v - 25 = -q. Let s = v + l. What is the tens digit of s?
2
Let i(b) = b**2 - 2*b + 39. Suppose 0 = -4*g + 3*g. What is the units digit of i(g)?
9
Let y be (5*1)/((-18)/90). Let u = 34 + y. Suppose u*s - 343 = 2*s. What is the units digit of s?
9
Let t(f) = -3*f + 42. Let j be t(12). What is the tens digit of (-4)/j*-6 + 130/2?
6
Suppose -2 = -2*h, 3*h = -n + 2*h - 95. Let w = 175 + n. What is the units digit of w?
9
Suppose 11*m = 16*m, -3*m = 5*q - 2930. What is the tens digit of q?
8
Let m(n) = n - 1. Let b(o) = -o + 6. Let i(g) = -b(g) - 2*m(g). Let a be i(-6). Suppose 48 = 4*p + 3*w, -3*p + 0*p - a*w + 37 = 0. What is the tens digit of p?
1
Suppose 0 = -4*n - 4 - 80. Let s be 3/1 - (n - 1). Suppose s = 5*j - 15. What is the units digit of j?
8
What is the units digit of (-38328)/(-18)*(-15)/(-10)?
4
Let r(d) = -d**3 - 13*d**2 - 2. Let o be r(-13). What is the hundreds digit of ((-7 - o) + 18)*8?
1
Suppose 5*l - 88 = -78. What is the hundreds digit of (l/6)/((-8)/(-5424))?
2
Let w = 1043 - -1601. What is the units digit of w?
4
Let m(b) = -104*b**3 - 4*b**2 - 16*b - 11. What is the tens digit of m(-3)?
0
Suppose -2*k = 5*d - 600, -2*k + d + 628 = -d. Let m = 497 - k. What is the hundreds digit of m?
1
Let v(h) = -105*h + 2781. What is the hundreds digit of v(0)?
7
Let s = 3 + 1. What is the tens digit of 0/5 - (3 - s)*25?
2
What is the tens digit of (-46)/46 - (-1612)/2?
0
Suppose 9*a - 8832 = -23*a. What is the hundreds digit of a?
2
Let q = 1254 - 1150. What is the units digit of q?
4
Suppose 11 - 27 = 2*g. Let l(z) = z**3 + 9*z**2 - 10*z - 10. What is the units digit of l(g)?
4
Let i(l) = -16*l + 42. Let t(b) = b + 1. Let j(g) = -i(g) - 2*t(g). What is the units digit of j(14)?
2
What is the units digit of (-3*3)/((-1344)/(-270) + -5)?
5
Suppose 14*q = -234 - 270. What is the hundreds digit of q/(-162) + (-1411)/(-9)?
1
Suppose 0 = 5*g - 7 - 13, 0 = 4*u - 2*g - 804. What is the tens digit of 5/(-25) + u*2/5?
8
Let g(c) = -104*c - 4. What is the units digit of g(-5)?
6
Suppose 0 = -66*o + 69*o - 9. Suppose -4*i = -o*i - 55. What is the units digit of i?
5
Let w = -44 + -57. Let c = w - -225. What is the units digit of c?
4
Let m = -578 - -978. Suppose -3*j - m = -5*l, -75 = -3*l - j + 179. What is the tens digit of l?
8
Let l(c) = -3190*c + 1. What is the tens digit of l(-1)?
9
Suppose 0 = 3*l + 2*z + 5 + 2, -5 = 3*l + z. What is the tens digit of (-3)/((-15)/415) + l?
8
Suppose 317 = 9*y - 637. Suppose -2*a - 78 = -y. What is the tens digit of a?
1
Suppose -30 = -c + 5*f, 2*c - 11 = -3*f + 10. Suppose 4*t + 5 = -c, 5 = n + t. What is the units digit of n?
0
Suppose 4*h = -160 + 5544. What is the thousands digit of h?
1
Let t(h) = h**2 + 7*h + 9. Let z be t(-6). Let r be z/(-5) - (-34)/(-10). Let q(p) = -9*p - 8. What is the tens digit of q(r)?
2
Suppose n - 13*d + 17*d - 2255 = 0, -5*n - 4*d = -11243. What is the hundreds digit of n?
2
Suppose u + 4*u = -3*x - 65, 5*x - 5*u = -95. Let h = 121 + x. Suppose 5*j = y + h, -4*y + 100 = 2*j + 2*j. What is the tens digit of j?
2
Suppose 0 = -237*d + 266*d - 146131. What is the units digit of d?
9
Let w 